{"id":97,"date":"2017-07-02T18:28:46","date_gmt":"2017-07-02T18:28:46","guid":{"rendered":"http:\/\/sabrinaespinosa.com\/?page_id=97"},"modified":"2024-08-12T13:34:37","modified_gmt":"2024-08-12T13:34:37","slug":"para-empresas","status":"publish","type":"page","link":"https:\/\/sabrinaespinosa.com\/index.php\/para-empresas\/","title":{"rendered":"Servicios para empresas"},"content":{"rendered":"<p><strong>Estudio de Mercado<\/strong><\/p>\n<p>\u00a0Nuestro equipo llevar\u00e1 a cabo un estudio de mercado a la medida de sus necesidades, proporcionando informaci\u00f3n detallada sobre el consumo de productos o servicios espec\u00edficos en la regi\u00f3n. El informe incluir\u00e1 datos actuales sobre el proceso de compra, requisitos de importaci\u00f3n y una visi\u00f3n general del mercado, considerando sus particularidades culturales y religiosas. Adem\u00e1s, se ofrecer\u00e1 un listado de importadores y distribuidores recomendados, as\u00ed como una selecci\u00f3n de ferias del sector, para ayudar al cliente a planificar su entrada en el mercado de Emiratos \u00c1rabes Unidos.<\/p>\n<p><strong>Agendas de Negocios<\/strong><\/p>\n<p>\u00a0Prepararemos agendas personalizadas para inspecciones o ventas durante la visita del cliente a Emiratos \u00c1rabes Unidos, con una duraci\u00f3n de 2 a 3 d\u00edas, en la fecha que m\u00e1s le convenga. Nuestro equipo especializado se encargar\u00e1 de organizar y coordinar todas las reuniones y actividades necesarias para maximizar el \u00e9xito de la visita.<\/p>\n<p><strong>Gesti\u00f3n de Stand o Acompa\u00f1amiento en Ferias<\/strong><\/p>\n<p>\u00a0Nos encargaremos de la representaci\u00f3n de su marca o de la gesti\u00f3n de su stand en ferias, evitando as\u00ed los complicados gastos de traslado y otros costos asociados. Si el cliente decide asistir personalmente al evento, tambi\u00e9n podemos ofrecer apoyo en la gesti\u00f3n del stand, incluyendo servicios de traducci\u00f3n, azafatas, catering y m\u00e1s.<\/p>\n<p><strong>B\u00fasqueda de Agente o Representante<\/strong><\/p>\n<p>\u00a0Para abordar el mercado de Emiratos \u00c1rabes Unidos, es crucial contar con una presencia local. Facilitaremos la b\u00fasqueda de agentes o representantes comerciales adecuados para su marca o productos en la regi\u00f3n, conect\u00e1ndolo con profesionales que puedan impulsar su \u00e9xito en el mercado.<\/p>\n\n\n<p><\/p>\n","protected":false},"excerpt":{"rendered":"<p>Estudio de Mercado \u00a0Nuestro equipo llevar\u00e1 a cabo un estudio de mercado a la medida de sus necesidades, proporcionando informaci\u00f3n detallada sobre el consumo de productos o servicios espec\u00edficos en la regi\u00f3n. El informe incluir\u00e1 datos actuales sobre el proceso de compra, requisitos de importaci\u00f3n y una visi\u00f3n general del mercado, considerando sus particularidades culturales &hellip; <\/p>\n<p class=\"link-more\"><a href=\"https:\/\/sabrinaespinosa.com\/index.php\/para-empresas\/\" class=\"more-link\">Continue reading<span class=\"screen-reader-text\"> &#8220;Servicios para empresas&#8221;<\/span><\/a><\/p>\n","protected":false},"author":1,"featured_media":0,"parent":0,"menu_order":0,"comment_status":"closed","ping_status":"closed","template":"","meta":{"om_disable_all_campaigns":false,"jetpack_post_was_ever_published":false,"footnotes":""},"class_list":["post-97","page","type-page","status-publish","hentry"],"jetpack_sharing_enabled":true,"jetpack_shortlink":"https:\/\/wp.me\/P8iBeJ-1z","_links":{"self":[{"href":"https:\/\/sabrinaespinosa.com\/index.php\/wp-json\/wp\/v2\/pages\/97","targetHints":{"allow":["GET"]}}],"collection":[{"href":"https:\/\/sabrinaespinosa.com\/index.php\/wp-json\/wp\/v2\/pages"}],"about":[{"href":"https:\/\/sabrinaespinosa.com\/index.php\/wp-json\/wp\/v2\/types\/page"}],"author":[{"embeddable":true,"href":"https:\/\/sabrinaespinosa.com\/index.php\/wp-json\/wp\/v2\/users\/1"}],"replies":[{"embeddable":true,"href":"https:\/\/sabrinaespinosa.com\/index.php\/wp-json\/wp\/v2\/comments?post=97"}],"version-history":[{"count":6,"href":"https:\/\/sabrinaespinosa.com\/index.php\/wp-json\/wp\/v2\/pages\/97\/revisions"}],"predecessor-version":[{"id":7171,"href":"https:\/\/sabrinaespinosa.com\/index.php\/wp-json\/wp\/v2\/pages\/97\/revisions\/7171"}],"wp:attachment":[{"href":"https:\/\/sabrinaespinosa.com\/index.php\/wp-json\/wp\/v2\/media?parent=97"}],"curies":[{"name":"wp","href":"https:\/\/api.w.org\/{rel}","templated":true}]}}