{"id":7221,"date":"2025-01-16T18:14:22","date_gmt":"2025-01-16T18:14:22","guid":{"rendered":"http:\/\/sabrinaespinosa.com\/?page_id=7221"},"modified":"2025-01-16T19:01:38","modified_gmt":"2025-01-16T19:01:38","slug":"test","status":"publish","type":"page","link":"https:\/\/sabrinaespinosa.com\/index.php\/test\/","title":{"rendered":"Formaci\u00f3n"},"content":{"rendered":"\n<p><strong>La etiqueta de negocios en el mundo \u00e1rabe<\/strong><\/p>\n\n\n\n<p>La capacitaci\u00f3n titulada \u201cLa etiqueta de negocios en el mundo \u00e1rabe\u201d est\u00e1 dise\u00f1ada para quienes deseen adquirir un profundo entendimiento de c\u00f3mo desenvolverse adecuadamente en las reuniones de negocios en los Emiratos \u00c1rabes Unidos, con un enfoque especial en Dub\u00e1i. Esta regi\u00f3n, conocida por su vibrante mezcla de tradici\u00f3n y modernidad, ofrece un entorno \u00fanico para las negociaciones comerciales. Dub\u00e1i, en particular, se ha establecido como un centro internacional de negocios y comercio, atrayendo a profesionales de todo el mundo con su impresionante arquitectura, econom\u00eda en crecimiento y pol\u00edticas de inversi\u00f3n favorables.<\/p>\n\n\n\n<p>La formaci\u00f3n, de car\u00e1cter din\u00e1mico y con una duraci\u00f3n no mayor a 90 minutos, aborda aspectos clave como el c\u00f3digo de vestimenta, que refleja el respeto por las normas culturales locales mientras se mantiene una imagen profesional. Tambi\u00e9n se cubrir\u00e1n los saludos apropiados, que son esenciales para establecer una relaci\u00f3n de confianza con socios locales. Adem\u00e1s, se explorar\u00e1n las diferencias culturales y religiosas que pueden influir en las interacciones comerciales, permitiendo a los participantes comprender y navegar con eficacia las sutilezas de las costumbres locales.<\/p>\n\n\n\n<p>La capacitaci\u00f3n tambi\u00e9n proporciona informaci\u00f3n sobre la importancia de la hospitalidad y la construcci\u00f3n de relaciones en el mundo \u00e1rabe. En los Emiratos, el establecimiento de una conexi\u00f3n personal antes de los negocios es fundamental. Los participantes aprender\u00e1n c\u00f3mo las reuniones a menudo comienzan con conversaciones informales, y c\u00f3mo la paciencia y el respeto son cruciales para el \u00e9xito a largo plazo.<\/p>\n\n\n\n<p>Dise\u00f1ada espec\u00edficamente para un p\u00fablico anglosaj\u00f3n y de habla hispana, la capacitaci\u00f3n ofrece consejos pr\u00e1cticos sobre c\u00f3mo adaptar las estrategias de comunicaci\u00f3n y negociaci\u00f3n para alinearse con las expectativas culturales locales. Los asistentes recibir\u00e1n orientaci\u00f3n sobre c\u00f3mo presentar propuestas comerciales de manera efectiva.<\/p>\n\n\n\n<p>Adem\u00e1s, esta capacitaci\u00f3n puede ser impartida de manera presencial o virtual, ofreciendo flexibilidad para adaptarse a diferentes necesidades y circunstancias. Los costos var\u00edan en funci\u00f3n del n\u00famero de asistentes y la modalidad seleccionada, permitiendo una personalizaci\u00f3n acorde a las demandas espec\u00edficas del grupo.<\/p>\n\n\n\n<p>Al participar en esta capacitaci\u00f3n, los profesionales no solo estar\u00e1n mejor equipados para conducir negocios en Dub\u00e1i y los Emiratos \u00c1rabes Unidos, sino que tambi\u00e9n ganar\u00e1n una apreciaci\u00f3n m\u00e1s profunda de las ricas tradiciones y valores que definen esta regi\u00f3n. Esta comprensi\u00f3n les permitir\u00e1 no solo realizar agendas comerciales y culturales con \u00e9xito, sino tambi\u00e9n establecer relaciones duraderas que beneficien a sus empresas en un mercado global cada vez m\u00e1s&nbsp;competitivo.<\/p>\n","protected":false},"excerpt":{"rendered":"<p>La etiqueta de negocios en el mundo \u00e1rabe La capacitaci\u00f3n titulada \u201cLa etiqueta de negocios en el mundo \u00e1rabe\u201d est\u00e1 dise\u00f1ada para quienes deseen adquirir un profundo entendimiento de c\u00f3mo desenvolverse adecuadamente en las reuniones de negocios en los Emiratos \u00c1rabes Unidos, con un enfoque especial en Dub\u00e1i. Esta regi\u00f3n, conocida por su vibrante mezcla &hellip; <\/p>\n<p class=\"link-more\"><a href=\"https:\/\/sabrinaespinosa.com\/index.php\/test\/\" class=\"more-link\">Continue reading<span class=\"screen-reader-text\"> &#8220;Formaci\u00f3n&#8221;<\/span><\/a><\/p>\n","protected":false},"author":1,"featured_media":0,"parent":0,"menu_order":0,"comment_status":"closed","ping_status":"closed","template":"","meta":{"om_disable_all_campaigns":false,"jetpack_post_was_ever_published":false,"footnotes":""},"class_list":["post-7221","page","type-page","status-publish","hentry"],"jetpack_sharing_enabled":true,"jetpack_shortlink":"https:\/\/wp.me\/P8iBeJ-1St","_links":{"self":[{"href":"https:\/\/sabrinaespinosa.com\/index.php\/wp-json\/wp\/v2\/pages\/7221","targetHints":{"allow":["GET"]}}],"collection":[{"href":"https:\/\/sabrinaespinosa.com\/index.php\/wp-json\/wp\/v2\/pages"}],"about":[{"href":"https:\/\/sabrinaespinosa.com\/index.php\/wp-json\/wp\/v2\/types\/page"}],"author":[{"embeddable":true,"href":"https:\/\/sabrinaespinosa.com\/index.php\/wp-json\/wp\/v2\/users\/1"}],"replies":[{"embeddable":true,"href":"https:\/\/sabrinaespinosa.com\/index.php\/wp-json\/wp\/v2\/comments?post=7221"}],"version-history":[{"count":4,"href":"https:\/\/sabrinaespinosa.com\/index.php\/wp-json\/wp\/v2\/pages\/7221\/revisions"}],"predecessor-version":[{"id":7225,"href":"https:\/\/sabrinaespinosa.com\/index.php\/wp-json\/wp\/v2\/pages\/7221\/revisions\/7225"}],"wp:attachment":[{"href":"https:\/\/sabrinaespinosa.com\/index.php\/wp-json\/wp\/v2\/media?parent=7221"}],"curies":[{"name":"wp","href":"https:\/\/api.w.org\/{rel}","templated":true}]}}